?
52
What is the remainder when 77 is divided by 8?
5
What is the remainder when 106 is divided by 44?
18
Calculate the remainder when 11 is divided by 4.
3
Calculate the remainder when 138 is divided by 74.
64
Calculate the remainder when 1624 is divided by 110.
84
What is the remainder when 1406 is divided by 128?
126
What is the remainder when 1692 is divided by 843?
6
Calculate the remainder when 879 is divided by 421.
37
What is the remainder when 1630 is divided by 12?
10
What is the remainder when 87 is divided by 16?
7
What is the remainder when 19437 is divided by 180?
177
What is the remainder when 414 is divided by 11?
7
Calculate the remainder when 91 is divided by 62.
29
What is the remainder when 7551 is divided by 7?
5
Calculate the remainder when 266 is divided by 34.
28
Calculate the remainder when 108 is divided by 38.
32
Calculate the remainder when 210 is divided by 71.
68
Calculate the remainder when 112 is divided by 13.
8
What is the remainder when 35 is divided by 22?
13
What is the remainder when 134 is divided by 20?
14
Calculate the remainder when 1494 is divided by 34.
32
Calculate the remainder when 232 is divided by 25.
7
What is the remainder when 300 is divided by 45?
30
What is the remainder when 49 is divided by 10?
9
What is the remainder when 279 is divided by 28?
27
What is the remainder when 298 is divided by 24?
10
Calculate the remainder when 168 is divided by 11.
3
What is the remainder when 2005 is divided by 59?
58
Calculate the remainder when 30 is divided by 4.
2
What is the remainder when 33 is divided by 21?
12
Calculate the remainder when 34 is divided by 20.
14
Calculate the remainder when 827 is divided by 737.
90
Calculate the remainder when 267 is divided by 90.
87
Calculate the remainder when 436 is divided by 432.
4
What is the remainder when 321 is divided by 80?
1
Calculate the remainder when 16590 is divided by 136.
134
Calculate the remainder when 3399 is divided by 63.
60
What is the remainder when 256 is divided by 44?
36
What is the remainder when 7252 is divided by 66?
58
Calculate the remainder when 1772 is divided by 37.
33
Calculate the remainder when 562 is divided by 21.
16
Calculate the remainder when 232 is divided by 85.
62
What is the remainder when 59 is divided by 20?
19
Calculate the remainder when 857 is divided by 219.
200
Calculate the remainder when 15524 is divided by 14.
12
Calculate the remainder when 3079 is divided by 134.
131
Calculate the remainder when 5418 is divided by 13.
10
Calculate the remainder when 279 is divided by 47.
44
What is the remainder when 246 is divided by 19?
18
What is the remainder when 3477 is divided by 1158?
3
Calculate the remainder when 590 is divided by 16.
14
What is the remainder when 876 is divided by 214?
20
Calculate the remainder when 76 is divided by 8.
4
Calculate the remainder when 2885 is divided by 18.
5
Calculate the remainder when 100 is divided by 53.
47
Calculate the remainder when 1023 is divided by 47.
36
What is the remainder when 119 is divided by 34?
17
What is the remainder when 111 is divided by 22?
1
Calculate the remainder when 1206 is divided by 22.
18
Calculate the remainder when 1999 is divided by 11.
8
Calculate the remainder when 13902 is divided by 27.
24
Calculate the remainder when 1102 is divided by 23.
21
What is the remainder when 527 is divided by 132?
131
Calculate the remainder when 144 is divided by 33.
12
Calculate the remainder when 3980 is divided by 22.
20
Calculate the remainder when 767 is divided by 64.
63
Calculate the remainder when 230 is divided by 114.
2
Calculate the remainder when 31742 is divided by 222.
218
What is the remainder when 840 is divided by 818?
22
What is the remainder when 167 is divided by 61?
45
What is the remainder when 39 is divided by 11?
6
Calculate the remainder when 142 is divided by 71.
0
Calculate the remainder when 501 is divided by 84.
81
What is the remainder when 303 is divided by 19?
18
Calculate the remainder when 27547 is divided by 29.
26
What is the remainder when 882 is divided by 231?
189
What is the remainder when 285 is divided by 59?
49
Calculate the remainder when 188 is divided by 2.
0
What is the remainder when 3803 is divided by 46?
31
What is the remainder when 92 is divided by 9?
2
What is the remainder when 444 is divided by 159?
126
Calculate the remainder when 9983 is divided by 96.
95
Calculate the remainder when 212 is divided by 27.
23
What is the remainder when 239 is divided by 66?
41
What is the remainder when 47 is divided by 32?
15
What is the remainder when 691 is divided by 321?
49
What is the remainder when 210 is divided by 18?
12
What is the remainder when 99 is divided by 80?
19
Calculate the remainder when 978 is divided by 36.
6
What is the remainder when 286 is divided by 24?
22
Calculate the remainder when 368 is divided by 111.
35
Calculate the remainder when 593 is divided by 115.
18
What is the remainder when 1308 is divided by 147?
132
Calculate the remainder when 88 is divided by 23.
19
Calculate the remainder when 23 is divided by 15.
8
What is the remainder when 697 is divided by 69?
7
Calculate the remainder when 360 is divided by 22.
8
What is the remainder when 2396 is divided by 240?
236
What is the remainder when 484 is divided by 148?
40
Calculate the remainder when 5 is divided by 2.
1
Calculate the remainder when 31613 is divided by 32.
29
Calculate the remainder when 1637 is divided by 13.
12
What is the remainder when 1328 is divided by 12?
8
What is the remainder when 314 is divided by 107?
100
What is the remainder when 37 is divided by 20?
17
What is the remainder when 895 is divided by 13?
11
Calculate the remainder when 367 is divided by 4.
3
What is the remainder when 149 is divided by 20?
9
What is the remainder when 3129 is divided by 1040?
9
Calculate the remainder when 1664 is divided by 207.
8
Calculate the remainder when 41 is divided by 37.
4
Calculate the remainder when 147 is divided by 145.
2
What is the remainder when 376 is divided by 183?
10
Calculate the remainder when 968 is divided by 108.
104
Calculate the remainder when 75 is divided by 18.
3
What is the remainder when 114 is divided by 66?
48
Calculate the remainder when 186 is divided by 100.
86
What is the remainder when 692 is divided by 12?
8
Calculate the remainder when 822 is divided by 410.
2
What is the remainder when 31680 is divided by 179?
176
Calculate the remainder when 4779 is divided by 23.
18
What is the remainder when 209 is divided by 17?
5
Calculate the remainder when 210 is divided by 57.
39
Calculate the remainder when 165 is divided by 42.
39
Calculate the remainder when 432 is divided by 19.
14
Calculate the remainder when 552 is divided by 179.
15
What is the remainder when 1726 is divided by 96?
94
What is the remainder when 205 is divided by 66?
7
Calculate the remainder when 46 is divided by 18.
10
Calculate the remainder when 1483 is divided by 9.
7
Calculate the remainder when 3482 is divided by 348.
2
What is the remainder when 70 is divided by 20?
10
What is the remainder when 467 is divided by 25?
17
What is the remainder when 1988 is divided by 13?
12
What is the remainder when 65 is divided by 23?
19
What is the remainder when 839 is divided by 189?
83
Calculate the remainder when 1450 is divided by 132.
130
What is the remainder when 1162 is divided by 53?
49
What is the remainder when 272 is divided by 13?
12
Calculate the remainder when 1036 is divided by 13.
9
Calculate the remainder when 1557 is divided by 13.
10
Calculate the remainder when 1807 is divided by 106.
5
Calculate the remainder when 431 is divided by 19.
13
Calculate the remainder when 1542 is divided by 366.
78
Calculate the remainder when 320 is divided by 28.
12
What is the remainder when 125 is divided by 13?
8
What is the remainder when 4 is divided by 2?
0
What is the remainder when 946 is divided by 73?
70
What is the remainder when 1395 is divided by 457?
24
What is the remainder when 328 is divided by 20?
8
What is the remainder when 375 is divided by 7?
4
What is the remainder when 363 is divided by 13?
12
Calculate the remainder when 538 is divided by 60.
58
Calculate the remainder when 74 is divided by 66